4?
b15b51
In base 4, what is 30011 + 3023132?
3113203
In base 16, what is -1 - f7a0925?
-f7a0926
In base 9, what is 17514 - -17085?
35610
In base 16, what is -6 - -1de5fc0?
1de5fba
In base 6, what is 342143 + -3311?
334432
In base 6, what is 1252024 - -124244?
1420312
In base 10, what is 679511 - 177?
679334
In base 6, what is -3345 + 255023?
251234
In base 15, what is 61a4c0 + -1d?
61a4a2
In base 11, what is 222a4781 - 1?
222a4780
In base 4, what is -311201013213 - -211?
-311201013002
In base 10, what is 555 - -242941?
243496
In base 4, what is -1320002000 - 100331?
-1320102331
In base 16, what is 90bb - -96?
9151
In base 13, what is -9261b18 + 5?
-9261b13
In base 15, what is 50e - 4776?
-4267
In base 12, what is 1159a - -1a16?
133b4
In base 6, what is -123 - -4335243?
4335120
In base 10, what is -3 - -26451230?
26451227
In base 16, what is -ef + -38b47c?
-38b56b
In base 2, what is 11001001 - 1010011101111110?
-1010011010110101
In base 5, what is -3 + -1012011140?
-1012011143
In base 15, what is 4e2ee4 + -eb?
4e2de8
In base 2, what is -1010101100010100000 + -1000011?
-1010101100011100011
In base 11, what is -6877a - 198?
-68967
In base 4, what is 2213 - -10010120112?
10010122331
In base 14, what is ac2 - 21d1?
-150d
In base 2, what is -11111 - 100101110000110111?
-100101110001010110
In base 9, what is -78 + -536432?
-536521
In base 6, what is 2 + -143210053?
-143210051
In base 7, what is -1155522561 - 0?
-1155522561
In base 3, what is 1112 + 1221212122210021?
1221212122211210
In base 8, what is -552415 + -371?
-553006
In base 14, what is -5 + -19958192?
-19958197
In base 15, what is 124d99 - 2?
124d97
In base 9, what is -442 - -76557?
76115
In base 4, what is 3 - -1012102001323?
1012102001332
In base 6, what is -130030234 - 543?
-130031221
In base 10, what is 630 + 797645?
798275
In base 5, what is -1014214013 + 4043?
-1014204420
In base 9, what is -4 - -572016088?
572016084
In base 6, what is 4303 - -3435?
12142
In base 9, what is 22352 - 7244?
14107
In base 15, what is -1 - 744c9c6?
-744c9c7
In base 12, what is -10a + -2a1b8?
-2a306
In base 9, what is 417210 - 583?
416516
In base 14, what is -129d8 + -b23?
-1371b
In base 7, what is 1133062213 + 0?
1133062213
In base 8, what is 712325 - 164?
712141
In base 9, what is 73003 - 3?
73000
In base 15, what is 3c61 + ee?
3d60
In base 7, what is -4 + -4034516554?
-4034516561
In base 6, what is 30 - -1052400354?
1052400424
In base 7, what is -200416252 + 30?
-200416222
In base 14, what is 338 - 16b1?
-1377
In base 4, what is -222022232222 - -2?
-222022232220
In base 14, what is b + 128ca01a?
128ca027
In base 6, what is 453055 + 11?
453110
In base 9, what is 13652 + -420?
13232
In base 3, what is -21201222111012 + 11?
-21201222111001
In base 8, what is -3555716 + 2?
-3555714
In base 7, what is 3161612 - -51?
3161663
In base 10, what is -13057773 + -15?
-13057788
In base 13, what is -4 - -669b888?
669b884
In base 12, what is -4b7885 + 268?
-4b7619
In base 16, what is -36fd + 420?
-32dd
In base 7, what is 11043 + 11630?
23003
In base 6, what is 1 + -203014104?
-203014103
In base 10, what is 318 - 2330867?
-2330549
In base 16, what is -3ad0e61 + -1?
-3ad0e62
In base 6, what is 5 + 42141541?
42141550
In base 14, what is -b5b17 - -34a?
-b57ab
In base 4, what is -23210 + -302233?
-332103
In base 7, what is -13532205603 + -1?
-13532205604
In base 12, what is 501b3 - -209b?
52292
In base 10, what is -65933 + -337?
-66270
In base 15, what is 716a + -105?
7065
In base 15, what is 39a1 + 4e?
3a00
In base 7, what is 355460 - -505?
356265
In base 10, what is -46049 - -27?
-46022
In base 13, what is 700 - bcab0?
-bc3b0
In base 10, what is 201416870 - -4?
201416874
In base 14, what is -106341b - -7?
-1063414
In base 7, what is 261 - -2011005?
2011266
In base 10, what is -96242 - 28?
-96270
In base 2, what is 10010101 + 111101001010?
111111011111
In base 12, what is -37b6bb + -5?
-37b704
In base 5, what is 3204122 + -3244?
3200323
In base 2, what is -10110010000100 + -1010110000011?
-100001000000111
In base 6, what is -241040445 + 3?
-241040442
In base 14, what is -2873 - 528?
-2d9b
In base 10, what is -3 + 12152841?
12152838
In base 4, what is 203131323313 + 3?
203131323322
In base 16, what is 15 - -ad14?
ad29
In base 3, what is 100011110 - 211211?
22022122
In base 5, what is -31100 + -2234033?
-2320133
In base 9, what is 32246885 - 11?
32246874
In base 7, what is 161155 + 6461?
200646
In base 12, what is 6116 - 569?
5769
In base 7, what is -335500 + -11246?
-350046
In base 10, what is 43430125 + 3?
43430128
In base 5, what is 12432342 - 0?
12432342
In base 6, what is 40 + 20335022?
20335102
In base 13, what is 61 + -a6498?
-a6437
In base 11, what is 2148 + -2262?
-115
In base 7, what is 262 + 140350?
140642
In base 14, what is 210a29 + -143?
2108c6
In base 6, what is 12440024 - 3?
12440021
In base 13, what is 4 - -1377b10?
1377b14
In base 3, what is -212122 + -2221222210?
-2222212102
In base 6, what is -4153431 + 1505?
-4151522
In base 4, what is -11200220 + 3202?
-11131012
In base 3, what is -10111021222111 - -11?
-10111021222100
In base 2, what is 10000100000100110110110011 - 10?
10000100000100110110110001
In base 7, what is 103426 + -55431?
14665
In base 2, what is -10011010111010 - 111111000001?
-11011001111011
In base 3, what is -11221 - -11222121121?
11222102200
In base 9, what is 244 - 1750627?
-1750373
In base 9, what is -7383664 - -4?
-7383660
In base 16, what is -308 + -4455?
-475d
In base 10, what is 4 + 6188635?
6188639
In base 15, what is -3 + 1b3389?
1b3386
In base 11, what is -1 - 952424?
-952425
In base 2, what is -1100101110001011111011100 - 0?
-1100101110001011111011100
In base 14, what is 2b8 + 17d07?
181c1
In base 3, what is 1100211102 - -1001110?
1101212212
In base 4, what is -111030 - -11320212?
11203122
In base 12, what is 1 + 1032398?
1032399
In base 5, what is -103 - -3242?
3134
In base 13, what is 80 + 4a9c?
4b4c
In base 9, what is -63525 + 3008?
-60516
In base 2, what is -10011001111110001110101110 + -101?
-10011001111110001110110011
In base 7, what is 20162405640 + 0?
20162405640
In base 8, what is 10 - 10664744?
-10664734
In base 9, what is 111 + -106701?
-106580
In base 11, what is 58a5a825 + 4?
58a5a829
In base 8, what is -2440 - -7515?
5055
In base 10, what is -18 + -67052?
-67070
In base 11, what is 92 - -a1790?
a1872
In base 8, what is -220433 + 2612?
-215621
In base 10, what is -50098 + -760?
-50858
In base 14, what is 3da3b + a4?
3db01
In base 6, what is 3 - -44414041?
44414044
In base 7, what is -506562020 + 21?
-506561666
In base 7, what is 433141 - -665?
434136
In base 10, what is -168507 - -38?
-168469
In base 12, what is -146448 + -19?
-146465
In base 11, what is 30325 + -311?
30014
In base 9, what is 336320018 + -1?
336320017
In base 15, what is -bb843e1 + 3?
-bb843dd
In base 13, what is 316974c - 3?
3169749
In base 6, what is -25312 - 310?
-30022
In base 10, what is 1 - 85174224?
-85174223
In base 10, what is -60572 - 198?
-60770
In base 12, what is 4 + -2683356?
-2683352
In base 6, what is -5 - -1110513?
1110504
In base 13, what is -c + 105b741?
105b732
In base 12, what is -4 + 4a76210?
4a76208
In base 15, what is -708 + -1002e?
-10737
In base 10, what is 0 + 21493531?
21493531
In base 11, what is -1 + 4830a666?
4830a665
In base 13, what is -1381ac - 9?
-1381b8
In base 15, what is -1c3 - -14da77?
14d8a4
In base 9, what is 47 - -22484841?
22484888
In base 5, what is -32013 - 3332043?
-3414111
In base 14, what is a15 + a2b2?
acc7
In base 6, what is 34422 + -2452155?
-2413333
In base 15, what is 85de + -4e7?
80e7
In base 10, what is -1 + 94494408?
94494407
In base 15, what is -6 - -edbb6d?
edbb67
In base 12, what is -46a2b + 301?
-4672a
In base 16, what is 122f990f - 5?
122f990a
In base 15, what is -5 + 34ad4d8?
34ad4d3
In base 9, what is 56123226 - 2?
56123224
In base 10, what is -3 + -846421?
-846424
In base 15, what is 110e19 - 67?
110da2
In base 7, what is -1415 + -614334?
-616052
In base 4, what is 1201210 + -101333?
1033211
In base 3, what is -210222111 + 1001010?
-202221101
In base 10, what is 854144 + -411?
853733
In base 5, what is -3202 - 413142?
-421344
In base 6, what is 323 - -1440145?
1440512
In base 12, what is 32 - b34782?
-b34750
In base 13, what is -2 